{"id":76,"date":"2023-12-10T20:19:42","date_gmt":"2023-12-10T20:19:42","guid":{"rendered":"https:\/\/www.itvagricola.es\/?page_id=76"},"modified":"2023-12-10T20:19:43","modified_gmt":"2023-12-10T20:19:43","slug":"buenas-practicas-en-el-manejo-de-fitosanitarios","status":"publish","type":"page","link":"http:\/\/www.itvagricola.es\/index.php\/buenas-practicas-en-el-manejo-de-fitosanitarios\/","title":{"rendered":"BUENAS PRACTICAS EN EL MANEJO DE FITOSANITARIOS"},"content":{"rendered":"\n<h1 class=\"wp-block-heading\"><\/h1>\n\n\n\n<figure class=\"wp-block-image size-large\"><img loading=\"lazy\" decoding=\"async\" width=\"1024\" height=\"949\" src=\"http:\/\/www.itvagricola.es\/wp-content\/uploads\/2023\/12\/ITV_agricola_19-1024x949.jpg\" alt=\"\" class=\"wp-image-77\" srcset=\"http:\/\/www.itvagricola.es\/wp-content\/uploads\/2023\/12\/ITV_agricola_19-1024x949.jpg 1024w, http:\/\/www.itvagricola.es\/wp-content\/uploads\/2023\/12\/ITV_agricola_19-300x278.jpg 300w, http:\/\/www.itvagricola.es\/wp-content\/uploads\/2023\/12\/ITV_agricola_19-768x712.jpg 768w, http:\/\/www.itvagricola.es\/wp-content\/uploads\/2023\/12\/ITV_agricola_19-270x250.jpg 270w, http:\/\/www.itvagricola.es\/wp-content\/uploads\/2023\/12\/ITV_agricola_19.jpg 1092w\" sizes=\"auto, (max-width: 1024px) 100vw, 1024px\" \/><\/figure>\n\n\n\n<h1 class=\"wp-block-heading\"><strong>BUENAS PRACTICAS EN EL ALMACENAJE Y TRANSPORTE DE FITOSANITARIOS<\/strong><\/h1>\n\n\n\n<p>Los productos fitosanitarios y sus envases vac\u00edos son peligrosos para las personas y el medio ambiente, si no se utilizan adecuadamente y se los almacena de forma segura. En ITV agr\u00edcolas (ITEAF) recomendamos las siguientes buenas pr\u00e1cticas:<\/p>\n\n\n\n<h2 class=\"wp-block-heading\"><img loading=\"lazy\" decoding=\"async\" width=\"300\" height=\"278\" src=\"\" alt=\"buenas pr\u00e1cticas\"><\/h2>\n\n\n\n<h2 class=\"wp-block-heading\"><strong>Son buenas pr\u00e1cticas para almacenar los productos fitosanitarios<\/strong><\/h2>\n\n\n\n<ol class=\"wp-block-list\">\n<li>Almacenarlos en lugares bajo llave, lejos del alcance de personas no autorizadas. Nunca en la vivienda. En lugares cubiertos que est\u00e9n ventilados y cerrados. Lejos de animales, forrajes, semillas y fuentes de agua.<\/li>\n\n\n\n<li>Leer la etiqueta para conocer las instrucciones de almacenamiento. La gran mayor\u00eda de productos, especialmente los l\u00edquidos, tienes que&nbsp; evitar las temperaturas extremas (por debajo de 0\u00b0C o por arriba de 35\u00b0C).<\/li>\n\n\n\n<li>Programar las compras para reducir el tiempo de almacenamiento y evitar sobrantes.<\/li>\n\n\n\n<li>Evitar la radiaci\u00f3n solar directa sobre los envases.<\/li>\n\n\n\n<li>Los primeros productos en entrar en el almac\u00e9n deben ser los primeros en usarse, para evitar tener en el almac\u00e9n productos caducados.<\/li>\n\n\n\n<li>Si las etiquetas est\u00e1n rotas, se debe proceder a la correcta identificaci\u00f3n del producto<\/li>\n\n\n\n<li>Revisar los productos almacenados para verificar su estado, eliminar los envases da\u00f1ados. Los productos deben conservarse en sus envases originales.<\/li>\n\n\n\n<li>Muchos productos fitosanitarios son inflamables por lo que hay que tener extintores de fuego.<\/li>\n\n\n\n<li>Tener espuertas con arena para controlar posibles derrames<\/li>\n\n\n\n<li>Pisos lisos y sin grietas, de manera que permitan una f\u00e1cil limpieza.<\/li>\n\n\n\n<li>Tener una buena ventilaci\u00f3n en forma permanente. Es importante que halla circulaci\u00f3n de aire (entrada y salida).<\/li>\n<\/ol>\n\n\n\n<h2 class=\"wp-block-heading\"><strong>Son buenas pr\u00e1cticas para el manejo de productos fitosanitarios dentro del almac\u00e9n<\/strong><\/h2>\n\n\n\n<ol class=\"wp-block-list\">\n<li>Dejar espacio entre las paredes y la estanter\u00eda, como as\u00ed tambi\u00e9n entre las distintas estanter\u00edas, para permitir el acceso y la circulaci\u00f3n del aire.<\/li>\n\n\n\n<li>Situar los productos mas inflamables en las zonas m\u00e1s frescas y ventiladas del almac\u00e9n.<\/li>\n\n\n\n<li>Los productos m\u00e1s t\u00f3xicos deben almacenarse en los lugares m\u00e1s seguros.<\/li>\n\n\n\n<li>Mantener separados productos de formulaci\u00f3n s\u00f3lida de productos l\u00edquidos. Los l\u00edquidos siempre deben almacenarse debajo de los s\u00f3lidos.<\/li>\n\n\n\n<li>Disponer separadamente herbicidas, insecticidas, fungicidas, fertilizantes, etc.<\/li>\n\n\n\n<li>No guardar forrajes, semillas o medicamentos de uso veterinario dentro del almac\u00e9n.<\/li>\n<\/ol>\n\n\n\n<h2 class=\"wp-block-heading\"><strong>Se consideran buenas pr\u00e1cticas para el transporte de productos fitosanitarios<\/strong><\/h2>\n\n\n\n<ol class=\"wp-block-list\">\n<li>Solo transportar envases cerrados.<\/li>\n\n\n\n<li>Nunca transportar productos fitosanitarios junto con personas, animales, ropa o alimentos para el consumo humano o animal.<\/li>\n\n\n\n<li>No llevar productos en la cabina del tractor.<\/li>\n\n\n\n<li>En pickup se recomienda tapar los productos con una lona.<\/li>\n\n\n\n<li>La carga y descarga deben realizarse con cuidado, evitando golpes y ca\u00eddas.<\/li>\n\n\n\n<li>Utilizar el equipo adecuado (mono, guantes y botas como m\u00ednimo) cuando se cargan o descargan estos productos.<\/li>\n\n\n\n<li>No fume, coma o beba durante la carga, descarga y transporte.<\/li>\n\n\n\n<li>Las cajas, bidones o latas deben transportarse sujetas firmemente.<\/li>\n<\/ol>\n\n\n\n<p><\/p>\n","protected":false},"excerpt":{"rendered":"<p>BUENAS PRACTICAS EN EL ALMACENAJE Y TRANSPORTE DE FITOSANITARIOS Los productos fitosanitarios y sus envases vac\u00edos son peligrosos para las personas y el medio ambiente, si no se utilizan adecuadamente y se los almacena de forma segura. En ITV agr\u00edcolas (ITEAF) recomendamos las siguientes buenas pr\u00e1cticas: Son buenas pr\u00e1cticas para almacenar los productos fitosanitarios Son [&hellip;]<\/p>\n","protected":false},"author":1,"featured_media":0,"parent":0,"menu_order":0,"comment_status":"closed","ping_status":"closed","template":"","meta":{"footnotes":""},"class_list":["post-76","page","type-page","status-publish","czr-hentry"],"yoast_head":"<!-- This site is optimized with the Yoast SEO plugin v26.6 - https:\/\/yoast.com\/wordpress\/plugins\/seo\/ -->\n<title>BUENAS PRACTICAS EN EL MANEJO DE FITOSANITARIOS - ITV agricola<\/title>\n<meta name=\"robots\" content=\"index, follow, max-snippet:-1, max-image-preview:large, max-video-preview:-1\" \/>\n<link rel=\"canonical\" href=\"https:\/\/www.itvagricola.es\/index.php\/buenas-practicas-en-el-manejo-de-fitosanitarios\/\" \/>\n<meta property=\"og:locale\" content=\"es_ES\" \/>\n<meta property=\"og:type\" content=\"article\" \/>\n<meta property=\"og:title\" content=\"BUENAS PRACTICAS EN EL MANEJO DE FITOSANITARIOS - ITV agricola\" \/>\n<meta property=\"og:description\" content=\"BUENAS PRACTICAS EN EL ALMACENAJE Y TRANSPORTE DE FITOSANITARIOS Los productos fitosanitarios y sus envases vac\u00edos son peligrosos para las personas y el medio ambiente, si no se utilizan adecuadamente y se los almacena de forma segura. En ITV agr\u00edcolas (ITEAF) recomendamos las siguientes buenas pr\u00e1cticas: Son buenas pr\u00e1cticas para almacenar los productos fitosanitarios Son [&hellip;]\" \/>\n<meta property=\"og:url\" content=\"https:\/\/www.itvagricola.es\/index.php\/buenas-practicas-en-el-manejo-de-fitosanitarios\/\" \/>\n<meta property=\"og:site_name\" content=\"ITV agricola\" \/>\n<meta property=\"article:publisher\" content=\"https:\/\/www.facebook.com\/profile.php?id=100067064354560&amp;locale=es_ES\" \/>\n<meta property=\"article:modified_time\" content=\"2023-12-10T20:19:43+00:00\" \/>\n<meta property=\"og:image\" content=\"http:\/\/www.itvagricola.es\/wp-content\/uploads\/2023\/12\/ITV_agricola_19-1024x949.jpg\" \/>\n<meta name=\"twitter:card\" content=\"summary_large_image\" \/>\n<meta name=\"twitter:label1\" content=\"Tiempo de lectura\" \/>\n\t<meta name=\"twitter:data1\" content=\"2 minutos\" \/>\n<script type=\"application\/ld+json\" class=\"yoast-schema-graph\">{\"@context\":\"https:\/\/schema.org\",\"@graph\":[{\"@type\":\"WebPage\",\"@id\":\"https:\/\/www.itvagricola.es\/index.php\/buenas-practicas-en-el-manejo-de-fitosanitarios\/\",\"url\":\"https:\/\/www.itvagricola.es\/index.php\/buenas-practicas-en-el-manejo-de-fitosanitarios\/\",\"name\":\"BUENAS PRACTICAS EN EL MANEJO DE FITOSANITARIOS - ITV agricola\",\"isPartOf\":{\"@id\":\"http:\/\/www.itvagricola.es\/#website\"},\"primaryImageOfPage\":{\"@id\":\"https:\/\/www.itvagricola.es\/index.php\/buenas-practicas-en-el-manejo-de-fitosanitarios\/#primaryimage\"},\"image\":{\"@id\":\"https:\/\/www.itvagricola.es\/index.php\/buenas-practicas-en-el-manejo-de-fitosanitarios\/#primaryimage\"},\"thumbnailUrl\":\"http:\/\/www.itvagricola.es\/wp-content\/uploads\/2023\/12\/ITV_agricola_19-1024x949.jpg\",\"datePublished\":\"2023-12-10T20:19:42+00:00\",\"dateModified\":\"2023-12-10T20:19:43+00:00\",\"breadcrumb\":{\"@id\":\"https:\/\/www.itvagricola.es\/index.php\/buenas-practicas-en-el-manejo-de-fitosanitarios\/#breadcrumb\"},\"inLanguage\":\"es\",\"potentialAction\":[{\"@type\":\"ReadAction\",\"target\":[\"https:\/\/www.itvagricola.es\/index.php\/buenas-practicas-en-el-manejo-de-fitosanitarios\/\"]}]},{\"@type\":\"ImageObject\",\"inLanguage\":\"es\",\"@id\":\"https:\/\/www.itvagricola.es\/index.php\/buenas-practicas-en-el-manejo-de-fitosanitarios\/#primaryimage\",\"url\":\"http:\/\/www.itvagricola.es\/wp-content\/uploads\/2023\/12\/ITV_agricola_19.jpg\",\"contentUrl\":\"http:\/\/www.itvagricola.es\/wp-content\/uploads\/2023\/12\/ITV_agricola_19.jpg\",\"width\":1092,\"height\":1012},{\"@type\":\"BreadcrumbList\",\"@id\":\"https:\/\/www.itvagricola.es\/index.php\/buenas-practicas-en-el-manejo-de-fitosanitarios\/#breadcrumb\",\"itemListElement\":[{\"@type\":\"ListItem\",\"position\":1,\"name\":\"Portada\",\"item\":\"http:\/\/www.itvagricola.es\/\"},{\"@type\":\"ListItem\",\"position\":2,\"name\":\"BUENAS PRACTICAS EN EL MANEJO DE FITOSANITARIOS\"}]},{\"@type\":\"WebSite\",\"@id\":\"http:\/\/www.itvagricola.es\/#website\",\"url\":\"http:\/\/www.itvagricola.es\/\",\"name\":\"ITV agricola\",\"description\":\"ITEAF 1610: Castilla la Mancha, Arag\u00f3n, Madrid y Valencia.\",\"publisher\":{\"@id\":\"http:\/\/www.itvagricola.es\/#\/schema\/person\/dbad37a13afd623eb1a191ed7ca7de2f\"},\"potentialAction\":[{\"@type\":\"SearchAction\",\"target\":{\"@type\":\"EntryPoint\",\"urlTemplate\":\"http:\/\/www.itvagricola.es\/?s={search_term_string}\"},\"query-input\":{\"@type\":\"PropertyValueSpecification\",\"valueRequired\":true,\"valueName\":\"search_term_string\"}}],\"inLanguage\":\"es\"},{\"@type\":[\"Person\",\"Organization\"],\"@id\":\"http:\/\/www.itvagricola.es\/#\/schema\/person\/dbad37a13afd623eb1a191ed7ca7de2f\",\"name\":\"luisAntonio torres\",\"image\":{\"@type\":\"ImageObject\",\"inLanguage\":\"es\",\"@id\":\"http:\/\/www.itvagricola.es\/#\/schema\/person\/image\/\",\"url\":\"http:\/\/www.itvagricola.es\/wp-content\/uploads\/2023\/12\/cropped-logoITVagricola_01.jpg\",\"contentUrl\":\"http:\/\/www.itvagricola.es\/wp-content\/uploads\/2023\/12\/cropped-logoITVagricola_01.jpg\",\"width\":788,\"height\":315,\"caption\":\"luisAntonio torres\"},\"logo\":{\"@id\":\"http:\/\/www.itvagricola.es\/#\/schema\/person\/image\/\"},\"sameAs\":[\"https:\/\/www.itvagricola.es\/\",\"https:\/\/www.facebook.com\/profile.php?id=100067064354560&locale=es_ES\"]}]}<\/script>\n<!-- \/ Yoast SEO plugin. -->","yoast_head_json":{"title":"BUENAS PRACTICAS EN EL MANEJO DE FITOSANITARIOS - ITV agricola","robots":{"index":"index","follow":"follow","max-snippet":"max-snippet:-1","max-image-preview":"max-image-preview:large","max-video-preview":"max-video-preview:-1"},"canonical":"https:\/\/www.itvagricola.es\/index.php\/buenas-practicas-en-el-manejo-de-fitosanitarios\/","og_locale":"es_ES","og_type":"article","og_title":"BUENAS PRACTICAS EN EL MANEJO DE FITOSANITARIOS - ITV agricola","og_description":"BUENAS PRACTICAS EN EL ALMACENAJE Y TRANSPORTE DE FITOSANITARIOS Los productos fitosanitarios y sus envases vac\u00edos son peligrosos para las personas y el medio ambiente, si no se utilizan adecuadamente y se los almacena de forma segura. En ITV agr\u00edcolas (ITEAF) recomendamos las siguientes buenas pr\u00e1cticas: Son buenas pr\u00e1cticas para almacenar los productos fitosanitarios Son [&hellip;]","og_url":"https:\/\/www.itvagricola.es\/index.php\/buenas-practicas-en-el-manejo-de-fitosanitarios\/","og_site_name":"ITV agricola","article_publisher":"https:\/\/www.facebook.com\/profile.php?id=100067064354560&locale=es_ES","article_modified_time":"2023-12-10T20:19:43+00:00","og_image":[{"url":"http:\/\/www.itvagricola.es\/wp-content\/uploads\/2023\/12\/ITV_agricola_19-1024x949.jpg","type":"","width":"","height":""}],"twitter_card":"summary_large_image","twitter_misc":{"Tiempo de lectura":"2 minutos"},"schema":{"@context":"https:\/\/schema.org","@graph":[{"@type":"WebPage","@id":"https:\/\/www.itvagricola.es\/index.php\/buenas-practicas-en-el-manejo-de-fitosanitarios\/","url":"https:\/\/www.itvagricola.es\/index.php\/buenas-practicas-en-el-manejo-de-fitosanitarios\/","name":"BUENAS PRACTICAS EN EL MANEJO DE FITOSANITARIOS - ITV agricola","isPartOf":{"@id":"http:\/\/www.itvagricola.es\/#website"},"primaryImageOfPage":{"@id":"https:\/\/www.itvagricola.es\/index.php\/buenas-practicas-en-el-manejo-de-fitosanitarios\/#primaryimage"},"image":{"@id":"https:\/\/www.itvagricola.es\/index.php\/buenas-practicas-en-el-manejo-de-fitosanitarios\/#primaryimage"},"thumbnailUrl":"http:\/\/www.itvagricola.es\/wp-content\/uploads\/2023\/12\/ITV_agricola_19-1024x949.jpg","datePublished":"2023-12-10T20:19:42+00:00","dateModified":"2023-12-10T20:19:43+00:00","breadcrumb":{"@id":"https:\/\/www.itvagricola.es\/index.php\/buenas-practicas-en-el-manejo-de-fitosanitarios\/#breadcrumb"},"inLanguage":"es","potentialAction":[{"@type":"ReadAction","target":["https:\/\/www.itvagricola.es\/index.php\/buenas-practicas-en-el-manejo-de-fitosanitarios\/"]}]},{"@type":"ImageObject","inLanguage":"es","@id":"https:\/\/www.itvagricola.es\/index.php\/buenas-practicas-en-el-manejo-de-fitosanitarios\/#primaryimage","url":"http:\/\/www.itvagricola.es\/wp-content\/uploads\/2023\/12\/ITV_agricola_19.jpg","contentUrl":"http:\/\/www.itvagricola.es\/wp-content\/uploads\/2023\/12\/ITV_agricola_19.jpg","width":1092,"height":1012},{"@type":"BreadcrumbList","@id":"https:\/\/www.itvagricola.es\/index.php\/buenas-practicas-en-el-manejo-de-fitosanitarios\/#breadcrumb","itemListElement":[{"@type":"ListItem","position":1,"name":"Portada","item":"http:\/\/www.itvagricola.es\/"},{"@type":"ListItem","position":2,"name":"BUENAS PRACTICAS EN EL MANEJO DE FITOSANITARIOS"}]},{"@type":"WebSite","@id":"http:\/\/www.itvagricola.es\/#website","url":"http:\/\/www.itvagricola.es\/","name":"ITV agricola","description":"ITEAF 1610: Castilla la Mancha, Arag\u00f3n, Madrid y Valencia.","publisher":{"@id":"http:\/\/www.itvagricola.es\/#\/schema\/person\/dbad37a13afd623eb1a191ed7ca7de2f"},"potentialAction":[{"@type":"SearchAction","target":{"@type":"EntryPoint","urlTemplate":"http:\/\/www.itvagricola.es\/?s={search_term_string}"},"query-input":{"@type":"PropertyValueSpecification","valueRequired":true,"valueName":"search_term_string"}}],"inLanguage":"es"},{"@type":["Person","Organization"],"@id":"http:\/\/www.itvagricola.es\/#\/schema\/person\/dbad37a13afd623eb1a191ed7ca7de2f","name":"luisAntonio torres","image":{"@type":"ImageObject","inLanguage":"es","@id":"http:\/\/www.itvagricola.es\/#\/schema\/person\/image\/","url":"http:\/\/www.itvagricola.es\/wp-content\/uploads\/2023\/12\/cropped-logoITVagricola_01.jpg","contentUrl":"http:\/\/www.itvagricola.es\/wp-content\/uploads\/2023\/12\/cropped-logoITVagricola_01.jpg","width":788,"height":315,"caption":"luisAntonio torres"},"logo":{"@id":"http:\/\/www.itvagricola.es\/#\/schema\/person\/image\/"},"sameAs":["https:\/\/www.itvagricola.es\/","https:\/\/www.facebook.com\/profile.php?id=100067064354560&locale=es_ES"]}]}},"_links":{"self":[{"href":"http:\/\/www.itvagricola.es\/index.php\/wp-json\/wp\/v2\/pages\/76","targetHints":{"allow":["GET"]}}],"collection":[{"href":"http:\/\/www.itvagricola.es\/index.php\/wp-json\/wp\/v2\/pages"}],"about":[{"href":"http:\/\/www.itvagricola.es\/index.php\/wp-json\/wp\/v2\/types\/page"}],"author":[{"embeddable":true,"href":"http:\/\/www.itvagricola.es\/index.php\/wp-json\/wp\/v2\/users\/1"}],"replies":[{"embeddable":true,"href":"http:\/\/www.itvagricola.es\/index.php\/wp-json\/wp\/v2\/comments?post=76"}],"version-history":[{"count":0,"href":"http:\/\/www.itvagricola.es\/index.php\/wp-json\/wp\/v2\/pages\/76\/revisions"}],"wp:attachment":[{"href":"http:\/\/www.itvagricola.es\/index.php\/wp-json\/wp\/v2\/media?parent=76"}],"curies":[{"name":"wp","href":"https:\/\/api.w.org\/{rel}","templated":true}]}}