{"id":48,"date":"2023-12-10T19:17:27","date_gmt":"2023-12-10T19:17:27","guid":{"rendered":"https:\/\/www.itvagricola.es\/?page_id=48"},"modified":"2023-12-10T19:21:51","modified_gmt":"2023-12-10T19:21:51","slug":"cita-previa-iteaf","status":"publish","type":"page","link":"https:\/\/www.itvagricola.es\/index.php\/cita-previa-iteaf\/","title":{"rendered":"CITA PREVIA ITEAF"},"content":{"rendered":"\n<figure class=\"wp-block-image size-large\"><img loading=\"lazy\" decoding=\"async\" width=\"1024\" height=\"438\" src=\"http:\/\/www.itvagricola.es\/wp-content\/uploads\/2023\/12\/ITV_agricola_09-1024x438.jpg\" alt=\"\" class=\"wp-image-49\" srcset=\"https:\/\/www.itvagricola.es\/wp-content\/uploads\/2023\/12\/ITV_agricola_09-1024x438.jpg 1024w, https:\/\/www.itvagricola.es\/wp-content\/uploads\/2023\/12\/ITV_agricola_09-300x128.jpg 300w, https:\/\/www.itvagricola.es\/wp-content\/uploads\/2023\/12\/ITV_agricola_09-768x328.jpg 768w, https:\/\/www.itvagricola.es\/wp-content\/uploads\/2023\/12\/ITV_agricola_09.jpg 1170w\" sizes=\"auto, (max-width: 1024px) 100vw, 1024px\" \/><\/figure>\n\n\n\n<h1 class=\"wp-block-heading\"><strong>SOLICITAR CITA PREVIA O PRESUPUESTO INSPECCION PULVERIZADOR: ITEAF<\/strong><\/h1>\n\n\n\n<p>Rellenando este formulario nos pondremos en contacto contigo para tramitar la solicitud de revisi\u00f3n o de presupuesto inspecci\u00f3n pulverizador (Iteaf).<br>Una vez que se hayan recibido tus datos, nos pondremos en contacto con tigo para planificar la inspecci\u00f3n de tu maquina, podr\u00e1s elegir la fecha que mejor te venga dentro de las disponibles y te damos el presupuesto de la revisi\u00f3n de tu maquina.<\/p>\n\n\n\n<p>Tenemos los medios t\u00e9cnicos y disponemos de tecnolog\u00eda avanzada que nos permiten obtener una gran precisi\u00f3n en las inspecciones y una alta productividad, disminuyendo el tiempo de ejecuci\u00f3n de la misma y repercuti\u00e9ndoles un coste menor a nuestros clientes por la inspecci\u00f3n de su pulverizador, sulfatadora, maquina de escardar o equipo de aplicaci\u00f3n de productos fitosanitarios .<\/p>\n\n\n\n<p>Realizamos una inspecci\u00f3n de calidad y resolvemos todas las dudas que le puedan surgir a nuestros clientes en cuanto a la realizaci\u00f3n de alg\u00fan tipo de tratamiento concreto o como mejorar el manejo de la m\u00e1quina.<\/p>\n\n\n\n<div class=\"wpcf7 no-js\" id=\"wpcf7-f51-o1\" lang=\"es-ES\" dir=\"ltr\" data-wpcf7-id=\"51\">\n<div class=\"screen-reader-response\"><p role=\"status\" aria-live=\"polite\" aria-atomic=\"true\"><\/p> <ul><\/ul><\/div>\n<form action=\"\/index.php\/wp-json\/wp\/v2\/pages\/48#wpcf7-f51-o1\" method=\"post\" class=\"wpcf7-form init\" aria-label=\"Formulario de contacto\" novalidate=\"novalidate\" data-status=\"init\">\n<fieldset class=\"hidden-fields-container\"><input type=\"hidden\" name=\"_wpcf7\" value=\"51\" \/><input type=\"hidden\" name=\"_wpcf7_version\" value=\"6.1.4\" \/><input type=\"hidden\" name=\"_wpcf7_locale\" value=\"es_ES\" \/><input type=\"hidden\" name=\"_wpcf7_unit_tag\" value=\"wpcf7-f51-o1\" \/><input type=\"hidden\" name=\"_wpcf7_container_post\" value=\"0\" \/><input type=\"hidden\" name=\"_wpcf7_posted_data_hash\" value=\"\" \/><input type=\"hidden\" name=\"_wpcf7_recaptcha_response\" value=\"\" \/>\n<\/fieldset>\n<p><label> Nombre (requerido)<br \/>\n<span class=\"wpcf7-form-control-wrap\" data-name=\"nombre\"><input size=\"40\" maxlength=\"400\" class=\"wpcf7-form-control wpcf7-text wpcf7-validates-as-required\" aria-required=\"true\" aria-invalid=\"false\" value=\"\" type=\"text\" name=\"nombre\" \/><\/span> <\/label>\n<\/p>\n<p><label> Correo electr\u00f3nico (requerido)<br \/>\n<span class=\"wpcf7-form-control-wrap\" data-name=\"your-email\"><input size=\"40\" maxlength=\"400\" class=\"wpcf7-form-control wpcf7-email wpcf7-validates-as-required wpcf7-text wpcf7-validates-as-email\" aria-required=\"true\" aria-invalid=\"false\" value=\"\" type=\"email\" name=\"your-email\" \/><\/span> <\/label>\n<\/p>\n<p><label> Telefono de contacto (requerido)<br \/>\n<span class=\"wpcf7-form-control-wrap\" data-name=\"tel-292\"><input size=\"40\" maxlength=\"400\" class=\"wpcf7-form-control wpcf7-tel wpcf7-text wpcf7-validates-as-tel\" aria-invalid=\"false\" value=\"\" type=\"tel\" name=\"tel-292\" \/><\/span> <\/label>\n<\/p>\n<p><label> Localidad donde hacer la inspecci\u00f3n<br \/>\n<span class=\"wpcf7-form-control-wrap\" data-name=\"localidad\"><input size=\"40\" maxlength=\"400\" class=\"wpcf7-form-control wpcf7-text wpcf7-validates-as-required\" aria-required=\"true\" aria-invalid=\"false\" value=\"\" type=\"text\" name=\"localidad\" \/><\/span> <\/label>\n<\/p>\n<p><label> Asunto<br \/>\n<span class=\"wpcf7-form-control-wrap\" data-name=\"your-subject\"><input size=\"40\" maxlength=\"400\" class=\"wpcf7-form-control wpcf7-text wpcf7-validates-as-required\" aria-required=\"true\" aria-invalid=\"false\" value=\"\" type=\"text\" name=\"your-subject\" \/><\/span> <\/label>\n<\/p>\n<p><label> Tu mensaje (opcional)<br \/>\n<span class=\"wpcf7-form-control-wrap\" data-name=\"your-message\"><textarea cols=\"40\" rows=\"10\" maxlength=\"2000\" class=\"wpcf7-form-control wpcf7-textarea\" aria-invalid=\"false\" name=\"your-message\"><\/textarea><\/span> <\/label>\n<\/p>\n<p><span class=\"wpcf7-form-control-wrap\" data-name=\"Politicadatospersonales\"><span class=\"wpcf7-form-control wpcf7-acceptance\"><span class=\"wpcf7-list-item\"><label><input type=\"checkbox\" name=\"Politicadatospersonales\" value=\"1\" aria-invalid=\"false\" \/><span class=\"wpcf7-list-item-label\">Acepto la <a href= \"http:\/\/www.itvagricola.es\/index.php\/politica-de-datos-de-caracter-personal\/\" target=\"_blank\"> Politica de datos de car\u00e1cter personal<\/a><\/span><\/label><\/span><\/span><\/span>\n<\/p>\n<p><input class=\"wpcf7-form-control wpcf7-submit has-spinner\" type=\"submit\" value=\"Enviar\" \/>\n<\/p><p style=\"display: none !important;\" class=\"akismet-fields-container\" data-prefix=\"_wpcf7_ak_\"><label>&#916;<textarea name=\"_wpcf7_ak_hp_textarea\" cols=\"45\" rows=\"8\" maxlength=\"100\"><\/textarea><\/label><input type=\"hidden\" id=\"ak_js_1\" name=\"_wpcf7_ak_js\" value=\"150\"\/><script>document.getElementById( \"ak_js_1\" ).setAttribute( \"value\", ( new Date() ).getTime() );<\/script><\/p><div class=\"wpcf7-response-output\" aria-hidden=\"true\"><\/div>\n<\/form>\n<\/div>\n\n\n\n\n<p>Tambi\u00e9n te puedes poner en contacto con nosotros a trav\u00e9s de los siguientes tel\u00e9fonos:<\/p>\n\n\n\n<p>Fijo 969 234 813<\/p>\n\n\n\n<p>M\u00f3vil 01 (Luisantonio): 638 100 520<\/p>\n\n\n\n<p>M\u00f3vil 02 (Felix): 626 017 989<\/p>\n\n\n\n<p>O pasarte por nuestras oficinas situadas en Cuenca, en la calle Calder\u00f3n de la Barca n\u00ba 37 1\u00ba.<\/p>\n\n\n\n<p>En cumplimiento de la Ley15\/1999 de 13 de Diciembre de Protecci\u00f3n de Datos de Car\u00e1cter Personal, le informamos que mediante la cumplimentaci\u00f3n de este formulario, sus datos personales est\u00e1n registrados en nuestro fichero automatizado de datos personales creado por y para ITV agr\u00edcola C.B. con el fin de poder gestionar su solicitud. Estos datos podr\u00e1n ser utilizados para mantenerle informado de noticias y novedades que pudieran ser de su inter\u00e9s relacionadas con nuestros servicios. Se le garantiza que sus datos no ser\u00e1n compartidos o cedidos a terceros. Podr\u00e1 ejercitar su derecho de acceso, modificaci\u00f3n, cancelaci\u00f3n u oposici\u00f3n a su tratamiento, a trav\u00e9s del correo electr\u00f3nico: <a href=\"mailto:info@itvagricola.es\">info@itvagricola.es<\/a><\/p>\n","protected":false},"excerpt":{"rendered":"<p>SOLICITAR CITA PREVIA O PRESUPUESTO INSPECCION PULVERIZADOR: ITEAF Rellenando este formulario nos pondremos en contacto contigo para tramitar la solicitud de revisi\u00f3n o de presupuesto inspecci\u00f3n pulverizador (Iteaf).Una vez que se hayan recibido tus datos, nos pondremos en contacto con tigo para planificar la inspecci\u00f3n de tu maquina, podr\u00e1s elegir la fecha que mejor te [&hellip;]<\/p>\n","protected":false},"author":1,"featured_media":0,"parent":0,"menu_order":0,"comment_status":"closed","ping_status":"closed","template":"","meta":{"footnotes":""},"class_list":["post-48","page","type-page","status-publish","czr-hentry"],"yoast_head":"<!-- This site is optimized with the Yoast SEO plugin v26.6 - https:\/\/yoast.com\/wordpress\/plugins\/seo\/ -->\n<title>CITA PREVIA ITEAF - ITV agricola<\/title>\n<meta name=\"robots\" content=\"index, follow, max-snippet:-1, max-image-preview:large, max-video-preview:-1\" \/>\n<link rel=\"canonical\" href=\"http:\/\/www.itvagricola.es\/index.php\/cita-previa-iteaf\/\" \/>\n<meta property=\"og:locale\" content=\"es_ES\" \/>\n<meta property=\"og:type\" content=\"article\" \/>\n<meta property=\"og:title\" content=\"CITA PREVIA ITEAF - ITV agricola\" \/>\n<meta property=\"og:description\" content=\"SOLICITAR CITA PREVIA O PRESUPUESTO INSPECCION PULVERIZADOR: ITEAF Rellenando este formulario nos pondremos en contacto contigo para tramitar la solicitud de revisi\u00f3n o de presupuesto inspecci\u00f3n pulverizador (Iteaf).Una vez que se hayan recibido tus datos, nos pondremos en contacto con tigo para planificar la inspecci\u00f3n de tu maquina, podr\u00e1s elegir la fecha que mejor te [&hellip;]\" \/>\n<meta property=\"og:url\" content=\"http:\/\/www.itvagricola.es\/index.php\/cita-previa-iteaf\/\" \/>\n<meta property=\"og:site_name\" content=\"ITV agricola\" \/>\n<meta property=\"article:publisher\" content=\"https:\/\/www.facebook.com\/profile.php?id=100067064354560&amp;locale=es_ES\" \/>\n<meta property=\"article:modified_time\" content=\"2023-12-10T19:21:51+00:00\" \/>\n<meta property=\"og:image\" content=\"http:\/\/www.itvagricola.es\/wp-content\/uploads\/2023\/12\/ITV_agricola_09-1024x438.jpg\" \/>\n<meta name=\"twitter:card\" content=\"summary_large_image\" \/>\n<meta name=\"twitter:label1\" content=\"Tiempo de lectura\" \/>\n\t<meta name=\"twitter:data1\" content=\"2 minutos\" \/>\n<script type=\"application\/ld+json\" class=\"yoast-schema-graph\">{\"@context\":\"https:\/\/schema.org\",\"@graph\":[{\"@type\":\"WebPage\",\"@id\":\"http:\/\/www.itvagricola.es\/index.php\/cita-previa-iteaf\/\",\"url\":\"http:\/\/www.itvagricola.es\/index.php\/cita-previa-iteaf\/\",\"name\":\"CITA PREVIA ITEAF - ITV agricola\",\"isPartOf\":{\"@id\":\"http:\/\/www.itvagricola.es\/#website\"},\"primaryImageOfPage\":{\"@id\":\"http:\/\/www.itvagricola.es\/index.php\/cita-previa-iteaf\/#primaryimage\"},\"image\":{\"@id\":\"http:\/\/www.itvagricola.es\/index.php\/cita-previa-iteaf\/#primaryimage\"},\"thumbnailUrl\":\"http:\/\/www.itvagricola.es\/wp-content\/uploads\/2023\/12\/ITV_agricola_09-1024x438.jpg\",\"datePublished\":\"2023-12-10T19:17:27+00:00\",\"dateModified\":\"2023-12-10T19:21:51+00:00\",\"breadcrumb\":{\"@id\":\"http:\/\/www.itvagricola.es\/index.php\/cita-previa-iteaf\/#breadcrumb\"},\"inLanguage\":\"es\",\"potentialAction\":[{\"@type\":\"ReadAction\",\"target\":[\"http:\/\/www.itvagricola.es\/index.php\/cita-previa-iteaf\/\"]}]},{\"@type\":\"ImageObject\",\"inLanguage\":\"es\",\"@id\":\"http:\/\/www.itvagricola.es\/index.php\/cita-previa-iteaf\/#primaryimage\",\"url\":\"https:\/\/www.itvagricola.es\/wp-content\/uploads\/2023\/12\/ITV_agricola_09.jpg\",\"contentUrl\":\"https:\/\/www.itvagricola.es\/wp-content\/uploads\/2023\/12\/ITV_agricola_09.jpg\",\"width\":1170,\"height\":500},{\"@type\":\"BreadcrumbList\",\"@id\":\"http:\/\/www.itvagricola.es\/index.php\/cita-previa-iteaf\/#breadcrumb\",\"itemListElement\":[{\"@type\":\"ListItem\",\"position\":1,\"name\":\"Portada\",\"item\":\"http:\/\/www.itvagricola.es\/\"},{\"@type\":\"ListItem\",\"position\":2,\"name\":\"CITA PREVIA ITEAF\"}]},{\"@type\":\"WebSite\",\"@id\":\"http:\/\/www.itvagricola.es\/#website\",\"url\":\"http:\/\/www.itvagricola.es\/\",\"name\":\"ITV agricola\",\"description\":\"ITEAF 1610: Castilla la Mancha, Arag\u00f3n, Madrid y Valencia.\",\"publisher\":{\"@id\":\"http:\/\/www.itvagricola.es\/#\/schema\/person\/dbad37a13afd623eb1a191ed7ca7de2f\"},\"potentialAction\":[{\"@type\":\"SearchAction\",\"target\":{\"@type\":\"EntryPoint\",\"urlTemplate\":\"http:\/\/www.itvagricola.es\/?s={search_term_string}\"},\"query-input\":{\"@type\":\"PropertyValueSpecification\",\"valueRequired\":true,\"valueName\":\"search_term_string\"}}],\"inLanguage\":\"es\"},{\"@type\":[\"Person\",\"Organization\"],\"@id\":\"http:\/\/www.itvagricola.es\/#\/schema\/person\/dbad37a13afd623eb1a191ed7ca7de2f\",\"name\":\"luisAntonio torres\",\"image\":{\"@type\":\"ImageObject\",\"inLanguage\":\"es\",\"@id\":\"http:\/\/www.itvagricola.es\/#\/schema\/person\/image\/\",\"url\":\"https:\/\/www.itvagricola.es\/wp-content\/uploads\/2023\/12\/cropped-logoITVagricola_01.jpg\",\"contentUrl\":\"https:\/\/www.itvagricola.es\/wp-content\/uploads\/2023\/12\/cropped-logoITVagricola_01.jpg\",\"width\":788,\"height\":315,\"caption\":\"luisAntonio torres\"},\"logo\":{\"@id\":\"http:\/\/www.itvagricola.es\/#\/schema\/person\/image\/\"},\"sameAs\":[\"https:\/\/www.itvagricola.es\/\",\"https:\/\/www.facebook.com\/profile.php?id=100067064354560&locale=es_ES\"]}]}<\/script>\n<!-- \/ Yoast SEO plugin. -->","yoast_head_json":{"title":"CITA PREVIA ITEAF - ITV agricola","robots":{"index":"index","follow":"follow","max-snippet":"max-snippet:-1","max-image-preview":"max-image-preview:large","max-video-preview":"max-video-preview:-1"},"canonical":"http:\/\/www.itvagricola.es\/index.php\/cita-previa-iteaf\/","og_locale":"es_ES","og_type":"article","og_title":"CITA PREVIA ITEAF - ITV agricola","og_description":"SOLICITAR CITA PREVIA O PRESUPUESTO INSPECCION PULVERIZADOR: ITEAF Rellenando este formulario nos pondremos en contacto contigo para tramitar la solicitud de revisi\u00f3n o de presupuesto inspecci\u00f3n pulverizador (Iteaf).Una vez que se hayan recibido tus datos, nos pondremos en contacto con tigo para planificar la inspecci\u00f3n de tu maquina, podr\u00e1s elegir la fecha que mejor te [&hellip;]","og_url":"http:\/\/www.itvagricola.es\/index.php\/cita-previa-iteaf\/","og_site_name":"ITV agricola","article_publisher":"https:\/\/www.facebook.com\/profile.php?id=100067064354560&locale=es_ES","article_modified_time":"2023-12-10T19:21:51+00:00","og_image":[{"url":"http:\/\/www.itvagricola.es\/wp-content\/uploads\/2023\/12\/ITV_agricola_09-1024x438.jpg","type":"","width":"","height":""}],"twitter_card":"summary_large_image","twitter_misc":{"Tiempo de lectura":"2 minutos"},"schema":{"@context":"https:\/\/schema.org","@graph":[{"@type":"WebPage","@id":"http:\/\/www.itvagricola.es\/index.php\/cita-previa-iteaf\/","url":"http:\/\/www.itvagricola.es\/index.php\/cita-previa-iteaf\/","name":"CITA PREVIA ITEAF - ITV agricola","isPartOf":{"@id":"http:\/\/www.itvagricola.es\/#website"},"primaryImageOfPage":{"@id":"http:\/\/www.itvagricola.es\/index.php\/cita-previa-iteaf\/#primaryimage"},"image":{"@id":"http:\/\/www.itvagricola.es\/index.php\/cita-previa-iteaf\/#primaryimage"},"thumbnailUrl":"http:\/\/www.itvagricola.es\/wp-content\/uploads\/2023\/12\/ITV_agricola_09-1024x438.jpg","datePublished":"2023-12-10T19:17:27+00:00","dateModified":"2023-12-10T19:21:51+00:00","breadcrumb":{"@id":"http:\/\/www.itvagricola.es\/index.php\/cita-previa-iteaf\/#breadcrumb"},"inLanguage":"es","potentialAction":[{"@type":"ReadAction","target":["http:\/\/www.itvagricola.es\/index.php\/cita-previa-iteaf\/"]}]},{"@type":"ImageObject","inLanguage":"es","@id":"http:\/\/www.itvagricola.es\/index.php\/cita-previa-iteaf\/#primaryimage","url":"https:\/\/www.itvagricola.es\/wp-content\/uploads\/2023\/12\/ITV_agricola_09.jpg","contentUrl":"https:\/\/www.itvagricola.es\/wp-content\/uploads\/2023\/12\/ITV_agricola_09.jpg","width":1170,"height":500},{"@type":"BreadcrumbList","@id":"http:\/\/www.itvagricola.es\/index.php\/cita-previa-iteaf\/#breadcrumb","itemListElement":[{"@type":"ListItem","position":1,"name":"Portada","item":"http:\/\/www.itvagricola.es\/"},{"@type":"ListItem","position":2,"name":"CITA PREVIA ITEAF"}]},{"@type":"WebSite","@id":"http:\/\/www.itvagricola.es\/#website","url":"http:\/\/www.itvagricola.es\/","name":"ITV agricola","description":"ITEAF 1610: Castilla la Mancha, Arag\u00f3n, Madrid y Valencia.","publisher":{"@id":"http:\/\/www.itvagricola.es\/#\/schema\/person\/dbad37a13afd623eb1a191ed7ca7de2f"},"potentialAction":[{"@type":"SearchAction","target":{"@type":"EntryPoint","urlTemplate":"http:\/\/www.itvagricola.es\/?s={search_term_string}"},"query-input":{"@type":"PropertyValueSpecification","valueRequired":true,"valueName":"search_term_string"}}],"inLanguage":"es"},{"@type":["Person","Organization"],"@id":"http:\/\/www.itvagricola.es\/#\/schema\/person\/dbad37a13afd623eb1a191ed7ca7de2f","name":"luisAntonio torres","image":{"@type":"ImageObject","inLanguage":"es","@id":"http:\/\/www.itvagricola.es\/#\/schema\/person\/image\/","url":"https:\/\/www.itvagricola.es\/wp-content\/uploads\/2023\/12\/cropped-logoITVagricola_01.jpg","contentUrl":"https:\/\/www.itvagricola.es\/wp-content\/uploads\/2023\/12\/cropped-logoITVagricola_01.jpg","width":788,"height":315,"caption":"luisAntonio torres"},"logo":{"@id":"http:\/\/www.itvagricola.es\/#\/schema\/person\/image\/"},"sameAs":["https:\/\/www.itvagricola.es\/","https:\/\/www.facebook.com\/profile.php?id=100067064354560&locale=es_ES"]}]}},"_links":{"self":[{"href":"https:\/\/www.itvagricola.es\/index.php\/wp-json\/wp\/v2\/pages\/48","targetHints":{"allow":["GET"]}}],"collection":[{"href":"https:\/\/www.itvagricola.es\/index.php\/wp-json\/wp\/v2\/pages"}],"about":[{"href":"https:\/\/www.itvagricola.es\/index.php\/wp-json\/wp\/v2\/types\/page"}],"author":[{"embeddable":true,"href":"https:\/\/www.itvagricola.es\/index.php\/wp-json\/wp\/v2\/users\/1"}],"replies":[{"embeddable":true,"href":"https:\/\/www.itvagricola.es\/index.php\/wp-json\/wp\/v2\/comments?post=48"}],"version-history":[{"count":0,"href":"https:\/\/www.itvagricola.es\/index.php\/wp-json\/wp\/v2\/pages\/48\/revisions"}],"wp:attachment":[{"href":"https:\/\/www.itvagricola.es\/index.php\/wp-json\/wp\/v2\/media?parent=48"}],"curies":[{"name":"wp","href":"https:\/\/api.w.org\/{rel}","templated":true}]}}