{"id":85,"date":"2023-12-10T20:30:23","date_gmt":"2023-12-10T20:30:23","guid":{"rendered":"https:\/\/www.itvagricola.es\/?page_id=85"},"modified":"2023-12-10T20:30:24","modified_gmt":"2023-12-10T20:30:24","slug":"normativa-iteaf","status":"publish","type":"page","link":"https:\/\/www.itvagricola.es\/index.php\/normativa-iteaf\/","title":{"rendered":"NORMATIVA ITEAF"},"content":{"rendered":"\n<p>En est\u00e1 secci\u00f3n tienes a tu disposici\u00f3n documentos de descarga referentes y normativa ITEAF publicadas en diferentes organismos p\u00fablicos.<\/p>\n\n\n\n<h2 class=\"wp-block-heading\"><strong>NORMATIVA ITEAF EUROPA<\/strong><\/h2>\n\n\n\n<figure class=\"wp-block-gallery has-nested-images columns-default is-cropped wp-block-gallery-1 is-layout-flex wp-block-gallery-is-layout-flex\">\n<figure class=\"wp-block-image size-large\"><img loading=\"lazy\" decoding=\"async\" width=\"300\" height=\"125\" data-id=\"88\" src=\"https:\/\/www.itvagricola.es\/wp-content\/uploads\/2023\/12\/ITV_agricola_22.jpg\" alt=\"\" class=\"wp-image-88\"\/><\/figure>\n<\/figure>\n\n\n\n<ol class=\"wp-block-list\">\n<li><a href=\"http:\/\/www.itvagricola.es\/documentacion\/directiva-2009127ce\/\">Directiva 2009\/127\/CE<\/a>: Sobre m\u00e1quinas para la aplicaci\u00f3n de plaguicidas<\/li>\n\n\n\n<li><a href=\"http:\/\/www.itvagricola.es\/documentacion\/directiva-2009-128-ce\/\">Directiva 2009\/128\/CE<\/a>: Sobre el uso sostenible de los plaguicidas.<\/li>\n<\/ol>\n\n\n\n<h2 class=\"wp-block-heading\"><strong>NORMATIVA ITEAF ESTATAL<\/strong><\/h2>\n\n\n<div class=\"wp-block-image\">\n<figure class=\"aligncenter size-full is-resized\"><img loading=\"lazy\" decoding=\"async\" width=\"300\" height=\"125\" src=\"http:\/\/www.itvagricola.es\/wp-content\/uploads\/2023\/12\/ITV_agricola_23.jpg\" alt=\"\" class=\"wp-image-86\" style=\"width:606px;height:auto\"\/><\/figure>\n<\/div>\n\n\n<ul class=\"wp-block-list\">\n<li><a href=\"http:\/\/www.itvagricola.es\/documentacion\/real-decreto-10132009\/\">Real Decreto 1013\/2009:<\/a>Sobre caracterizaci\u00f3n y registro de la maquinaria agr\u00edcola.<\/li>\n\n\n\n<li><a href=\"http:\/\/www.itvagricola.es\/documentacion\/real-decreto-17-02-2011\/\">Real Decreto 1702\/2011<\/a>: Sobre inspecciones peri\u00f3dicas de los equipos de aplicaci\u00f3n de productos fitosanitarios<\/li>\n\n\n\n<li><a href=\"http:\/\/www.itvagricola.es\/documentacion\/real-decreto-13-12-12\/\">Real Decreto 1311\/2012<\/a>: Sobre el uso sostenible de los productos fitosanitarios<\/li>\n\n\n\n<li><a href=\"http:\/\/www.itvagricola.es\/documentacion\/real-decreto-4942012\/\">Real Decreto 494\/2012<\/a>: Sobre la comercializaci\u00f3n y puesta en servicio de las m\u00e1quinas, para incluir los riesgos de aplicaci\u00f3n de plaguicidas.<\/li>\n<\/ul>\n\n\n\n<h2 class=\"wp-block-heading\"><strong>NORMATIVA ITEAF CASTILLA LA MANCHA<\/strong><\/h2>\n\n\n<div class=\"wp-block-image\">\n<figure class=\"aligncenter size-full is-resized\"><img loading=\"lazy\" decoding=\"async\" width=\"300\" height=\"126\" src=\"http:\/\/www.itvagricola.es\/wp-content\/uploads\/2023\/12\/ITV_agricola_24.jpg\" alt=\"\" class=\"wp-image-87\" style=\"width:464px;height:auto\"\/><\/figure>\n<\/div>\n\n\n<ul class=\"wp-block-list\">\n<li><a href=\"http:\/\/www.itvagricola.es\/orden-de-23022015\/\">Orden de 23\/02\/2015<\/a>, de la Consejer\u00eda de Agricultura, por la que se desarrolla la regulaci\u00f3n de las inspecciones peri\u00f3dicas de los equipos de aplicaci\u00f3n de productos fitosanitarios y se crea el Registro de las Estaciones de Inspecci\u00f3n T\u00e9cnica de Equipos de Aplicaci\u00f3n de Fitosanitarios de Castilla-La Mancha.<\/li>\n\n\n\n<li><a href=\"http:\/\/www.itvagricola.es\/wp-content\/uploads\/2016\/03\/resolucion_29_12_2015_programa_inspecciones_2016-2.pdf\">Programa de Inspecciones <\/a>de Equipos de Tratamiento Fitosanitario. A\u00f1o 2016<\/li>\n<\/ul>\n","protected":false},"excerpt":{"rendered":"<p>En est\u00e1 secci\u00f3n tienes a tu disposici\u00f3n documentos de descarga referentes y normativa ITEAF publicadas en diferentes organismos p\u00fablicos. NORMATIVA ITEAF EUROPA NORMATIVA ITEAF ESTATAL NORMATIVA ITEAF CASTILLA LA MANCHA<\/p>\n","protected":false},"author":1,"featured_media":0,"parent":0,"menu_order":0,"comment_status":"closed","ping_status":"closed","template":"","meta":{"footnotes":""},"class_list":["post-85","page","type-page","status-publish","czr-hentry"],"yoast_head":"<!-- This site is optimized with the Yoast SEO plugin v26.6 - https:\/\/yoast.com\/wordpress\/plugins\/seo\/ -->\n<title>NORMATIVA ITEAF - ITV agricola<\/title>\n<meta name=\"robots\" content=\"index, follow, max-snippet:-1, max-image-preview:large, max-video-preview:-1\" \/>\n<link rel=\"canonical\" href=\"https:\/\/www.itvagricola.es\/index.php\/normativa-iteaf\/\" \/>\n<meta property=\"og:locale\" content=\"es_ES\" \/>\n<meta property=\"og:type\" content=\"article\" \/>\n<meta property=\"og:title\" content=\"NORMATIVA ITEAF - ITV agricola\" \/>\n<meta property=\"og:description\" content=\"En est\u00e1 secci\u00f3n tienes a tu disposici\u00f3n documentos de descarga referentes y normativa ITEAF publicadas en diferentes organismos p\u00fablicos. NORMATIVA ITEAF EUROPA NORMATIVA ITEAF ESTATAL NORMATIVA ITEAF CASTILLA LA MANCHA\" \/>\n<meta property=\"og:url\" content=\"https:\/\/www.itvagricola.es\/index.php\/normativa-iteaf\/\" \/>\n<meta property=\"og:site_name\" content=\"ITV agricola\" \/>\n<meta property=\"article:publisher\" content=\"https:\/\/www.facebook.com\/profile.php?id=100067064354560&amp;locale=es_ES\" \/>\n<meta property=\"article:modified_time\" content=\"2023-12-10T20:30:24+00:00\" \/>\n<meta property=\"og:image\" content=\"https:\/\/www.itvagricola.es\/wp-content\/uploads\/2023\/12\/ITV_agricola_22.jpg\" \/>\n<meta name=\"twitter:card\" content=\"summary_large_image\" \/>\n<meta name=\"twitter:label1\" content=\"Tiempo de lectura\" \/>\n\t<meta name=\"twitter:data1\" content=\"1 minuto\" \/>\n<script type=\"application\/ld+json\" class=\"yoast-schema-graph\">{\"@context\":\"https:\/\/schema.org\",\"@graph\":[{\"@type\":\"WebPage\",\"@id\":\"https:\/\/www.itvagricola.es\/index.php\/normativa-iteaf\/\",\"url\":\"https:\/\/www.itvagricola.es\/index.php\/normativa-iteaf\/\",\"name\":\"NORMATIVA ITEAF - ITV agricola\",\"isPartOf\":{\"@id\":\"https:\/\/www.itvagricola.es\/#website\"},\"primaryImageOfPage\":{\"@id\":\"https:\/\/www.itvagricola.es\/index.php\/normativa-iteaf\/#primaryimage\"},\"image\":{\"@id\":\"https:\/\/www.itvagricola.es\/index.php\/normativa-iteaf\/#primaryimage\"},\"thumbnailUrl\":\"https:\/\/www.itvagricola.es\/wp-content\/uploads\/2023\/12\/ITV_agricola_22.jpg\",\"datePublished\":\"2023-12-10T20:30:23+00:00\",\"dateModified\":\"2023-12-10T20:30:24+00:00\",\"breadcrumb\":{\"@id\":\"https:\/\/www.itvagricola.es\/index.php\/normativa-iteaf\/#breadcrumb\"},\"inLanguage\":\"es\",\"potentialAction\":[{\"@type\":\"ReadAction\",\"target\":[\"https:\/\/www.itvagricola.es\/index.php\/normativa-iteaf\/\"]}]},{\"@type\":\"ImageObject\",\"inLanguage\":\"es\",\"@id\":\"https:\/\/www.itvagricola.es\/index.php\/normativa-iteaf\/#primaryimage\",\"url\":\"https:\/\/www.itvagricola.es\/wp-content\/uploads\/2023\/12\/ITV_agricola_22.jpg\",\"contentUrl\":\"https:\/\/www.itvagricola.es\/wp-content\/uploads\/2023\/12\/ITV_agricola_22.jpg\",\"width\":300,\"height\":125},{\"@type\":\"BreadcrumbList\",\"@id\":\"https:\/\/www.itvagricola.es\/index.php\/normativa-iteaf\/#breadcrumb\",\"itemListElement\":[{\"@type\":\"ListItem\",\"position\":1,\"name\":\"Portada\",\"item\":\"https:\/\/www.itvagricola.es\/\"},{\"@type\":\"ListItem\",\"position\":2,\"name\":\"NORMATIVA ITEAF\"}]},{\"@type\":\"WebSite\",\"@id\":\"https:\/\/www.itvagricola.es\/#website\",\"url\":\"https:\/\/www.itvagricola.es\/\",\"name\":\"ITV agricola\",\"description\":\"ITEAF 1610: Castilla la Mancha, Arag\u00f3n, Madrid y Valencia.\",\"publisher\":{\"@id\":\"https:\/\/www.itvagricola.es\/#\/schema\/person\/dbad37a13afd623eb1a191ed7ca7de2f\"},\"potentialAction\":[{\"@type\":\"SearchAction\",\"target\":{\"@type\":\"EntryPoint\",\"urlTemplate\":\"https:\/\/www.itvagricola.es\/?s={search_term_string}\"},\"query-input\":{\"@type\":\"PropertyValueSpecification\",\"valueRequired\":true,\"valueName\":\"search_term_string\"}}],\"inLanguage\":\"es\"},{\"@type\":[\"Person\",\"Organization\"],\"@id\":\"https:\/\/www.itvagricola.es\/#\/schema\/person\/dbad37a13afd623eb1a191ed7ca7de2f\",\"name\":\"luisAntonio torres\",\"image\":{\"@type\":\"ImageObject\",\"inLanguage\":\"es\",\"@id\":\"https:\/\/www.itvagricola.es\/#\/schema\/person\/image\/\",\"url\":\"https:\/\/www.itvagricola.es\/wp-content\/uploads\/2023\/12\/cropped-logoITVagricola_01.jpg\",\"contentUrl\":\"https:\/\/www.itvagricola.es\/wp-content\/uploads\/2023\/12\/cropped-logoITVagricola_01.jpg\",\"width\":788,\"height\":315,\"caption\":\"luisAntonio torres\"},\"logo\":{\"@id\":\"https:\/\/www.itvagricola.es\/#\/schema\/person\/image\/\"},\"sameAs\":[\"https:\/\/www.itvagricola.es\/\",\"https:\/\/www.facebook.com\/profile.php?id=100067064354560&locale=es_ES\"]}]}<\/script>\n<!-- \/ Yoast SEO plugin. -->","yoast_head_json":{"title":"NORMATIVA ITEAF - ITV agricola","robots":{"index":"index","follow":"follow","max-snippet":"max-snippet:-1","max-image-preview":"max-image-preview:large","max-video-preview":"max-video-preview:-1"},"canonical":"https:\/\/www.itvagricola.es\/index.php\/normativa-iteaf\/","og_locale":"es_ES","og_type":"article","og_title":"NORMATIVA ITEAF - ITV agricola","og_description":"En est\u00e1 secci\u00f3n tienes a tu disposici\u00f3n documentos de descarga referentes y normativa ITEAF publicadas en diferentes organismos p\u00fablicos. NORMATIVA ITEAF EUROPA NORMATIVA ITEAF ESTATAL NORMATIVA ITEAF CASTILLA LA MANCHA","og_url":"https:\/\/www.itvagricola.es\/index.php\/normativa-iteaf\/","og_site_name":"ITV agricola","article_publisher":"https:\/\/www.facebook.com\/profile.php?id=100067064354560&locale=es_ES","article_modified_time":"2023-12-10T20:30:24+00:00","og_image":[{"url":"https:\/\/www.itvagricola.es\/wp-content\/uploads\/2023\/12\/ITV_agricola_22.jpg","type":"","width":"","height":""}],"twitter_card":"summary_large_image","twitter_misc":{"Tiempo de lectura":"1 minuto"},"schema":{"@context":"https:\/\/schema.org","@graph":[{"@type":"WebPage","@id":"https:\/\/www.itvagricola.es\/index.php\/normativa-iteaf\/","url":"https:\/\/www.itvagricola.es\/index.php\/normativa-iteaf\/","name":"NORMATIVA ITEAF - ITV agricola","isPartOf":{"@id":"https:\/\/www.itvagricola.es\/#website"},"primaryImageOfPage":{"@id":"https:\/\/www.itvagricola.es\/index.php\/normativa-iteaf\/#primaryimage"},"image":{"@id":"https:\/\/www.itvagricola.es\/index.php\/normativa-iteaf\/#primaryimage"},"thumbnailUrl":"https:\/\/www.itvagricola.es\/wp-content\/uploads\/2023\/12\/ITV_agricola_22.jpg","datePublished":"2023-12-10T20:30:23+00:00","dateModified":"2023-12-10T20:30:24+00:00","breadcrumb":{"@id":"https:\/\/www.itvagricola.es\/index.php\/normativa-iteaf\/#breadcrumb"},"inLanguage":"es","potentialAction":[{"@type":"ReadAction","target":["https:\/\/www.itvagricola.es\/index.php\/normativa-iteaf\/"]}]},{"@type":"ImageObject","inLanguage":"es","@id":"https:\/\/www.itvagricola.es\/index.php\/normativa-iteaf\/#primaryimage","url":"https:\/\/www.itvagricola.es\/wp-content\/uploads\/2023\/12\/ITV_agricola_22.jpg","contentUrl":"https:\/\/www.itvagricola.es\/wp-content\/uploads\/2023\/12\/ITV_agricola_22.jpg","width":300,"height":125},{"@type":"BreadcrumbList","@id":"https:\/\/www.itvagricola.es\/index.php\/normativa-iteaf\/#breadcrumb","itemListElement":[{"@type":"ListItem","position":1,"name":"Portada","item":"https:\/\/www.itvagricola.es\/"},{"@type":"ListItem","position":2,"name":"NORMATIVA ITEAF"}]},{"@type":"WebSite","@id":"https:\/\/www.itvagricola.es\/#website","url":"https:\/\/www.itvagricola.es\/","name":"ITV agricola","description":"ITEAF 1610: Castilla la Mancha, Arag\u00f3n, Madrid y Valencia.","publisher":{"@id":"https:\/\/www.itvagricola.es\/#\/schema\/person\/dbad37a13afd623eb1a191ed7ca7de2f"},"potentialAction":[{"@type":"SearchAction","target":{"@type":"EntryPoint","urlTemplate":"https:\/\/www.itvagricola.es\/?s={search_term_string}"},"query-input":{"@type":"PropertyValueSpecification","valueRequired":true,"valueName":"search_term_string"}}],"inLanguage":"es"},{"@type":["Person","Organization"],"@id":"https:\/\/www.itvagricola.es\/#\/schema\/person\/dbad37a13afd623eb1a191ed7ca7de2f","name":"luisAntonio torres","image":{"@type":"ImageObject","inLanguage":"es","@id":"https:\/\/www.itvagricola.es\/#\/schema\/person\/image\/","url":"https:\/\/www.itvagricola.es\/wp-content\/uploads\/2023\/12\/cropped-logoITVagricola_01.jpg","contentUrl":"https:\/\/www.itvagricola.es\/wp-content\/uploads\/2023\/12\/cropped-logoITVagricola_01.jpg","width":788,"height":315,"caption":"luisAntonio torres"},"logo":{"@id":"https:\/\/www.itvagricola.es\/#\/schema\/person\/image\/"},"sameAs":["https:\/\/www.itvagricola.es\/","https:\/\/www.facebook.com\/profile.php?id=100067064354560&locale=es_ES"]}]}},"_links":{"self":[{"href":"https:\/\/www.itvagricola.es\/index.php\/wp-json\/wp\/v2\/pages\/85","targetHints":{"allow":["GET"]}}],"collection":[{"href":"https:\/\/www.itvagricola.es\/index.php\/wp-json\/wp\/v2\/pages"}],"about":[{"href":"https:\/\/www.itvagricola.es\/index.php\/wp-json\/wp\/v2\/types\/page"}],"author":[{"embeddable":true,"href":"https:\/\/www.itvagricola.es\/index.php\/wp-json\/wp\/v2\/users\/1"}],"replies":[{"embeddable":true,"href":"https:\/\/www.itvagricola.es\/index.php\/wp-json\/wp\/v2\/comments?post=85"}],"version-history":[{"count":0,"href":"https:\/\/www.itvagricola.es\/index.php\/wp-json\/wp\/v2\/pages\/85\/revisions"}],"wp:attachment":[{"href":"https:\/\/www.itvagricola.es\/index.php\/wp-json\/wp\/v2\/media?parent=85"}],"curies":[{"name":"wp","href":"https:\/\/api.w.org\/{rel}","templated":true}]}}